- (582 - 549 - (-128 + -2))?
-121
(1 - -11) + 0 + 6389 + -6441
-40
115 + (26 + -18 - 19) + 12 + 5 + 0
121
What is -14 - 65 - (-10 + -202)?
133
Evaluate 1 + 1 + 27 + (167 - 120 - 30).
46
What is the value of -72 + 1 + (-460 - -482)?
-49
Evaluate 1 - (-23 - -48) - ((4 - -5) + (-7 - -2)).
-28
What is the value of 9 - (-73 + 93 + -13)?
2
Evaluate 156 + -5 - 114 - (-3 - 54).
94
What is the value of 95 + -24 + (14 - (12 - 3))?
76
Evaluate 192 + (-26 - 68) + -6.
92
What is the value of -202 + 4 - -156 - -160?
118
Calculate (-15 - (19 + -2)) + 16 + (7 - 16).
-25
-6 + (2 - -14) + -16 + -3 + 3
-6
Calculate 27 - (0 + -2 + 26).
3
Evaluate -1 + 4 + (12 - 3) - (77 + -1).
-64
-36 + 53 + -45 - 14
-42
Calculate -7 + (-17 - (17 - 63)).
22
What is -253 + 219 - (-26 + -2)?
-6
(-194 - -183) + (-33 - 4)
-48
Calculate (26 - -4) + -137 + 151 + (-11 - 0) + -7.
26
Calculate 57 + (-54 - -41 - -10).
54
What is (51 - (35 + 28 + -91)) + (2 - 1)?
80
What is (43 - 10) + (117 - 81) + -2 + 1?
68
What is the value of -24 - (10 - ((-10 - -2) + 1))?
-41
What is -139 - -170 - (-3 - 6)?
40
0 - -1 - (-22 + (-3 - -6) + 4)
16
What is the value of (-4 - 1) + (32 - 68) + 41 - (5 + -82)?
77
What is the value of -21 - (-34 - (-29 - 35))?
-51
Evaluate 11 - (11 + -1 + 254 + -272) - 61.
-42
What is 39 + -48 + 20 + 15 + 63?
89
Calculate (-593 - -591) + (1 - 1) + -13 + -4.
-19
What is the value of (-31 - -21) + -23 + 3 + -7 - (3 + 0)?
-40
-57 - -4 - -13 - 6
-46
What is the value of -4766 - -4787 - (0 - 13 - 4)?
38
What is (1209 - 1160) + (-80 - -1)?
-30
What is (14 - -7) + 92 + -34 + -3?
76
Calculate 1259 + -1394 + (0 - -79).
-56
Evaluate (13 - 12) + -10 + 26 + -33 + 6 + 0.
-10
Evaluate -1 + 1 + -18 + (-78 - (-270 + 141)).
33
12 + -27 + 16 + -7 + 14 - -97
105
(-2 - (-15 - -20)) + (-1 - 0) + -9
-17
What is -16 + 136 + -129 - 25?
-34
Evaluate -22 + 4 + 72 + -7.
47
56 + (-58 - 6) - (-59 + 1)
50
Calculate 1 + 0 + -44 + 20 + (-39 - -9 - -13).
-40
Evaluate -1 - 6 - (297 + -275).
-29
-61 + -14 + 38 + 26 + 8 + -2
-5
Calculate -3 - 0 - (-249 + 251) - -47.
42
Calculate 188 + -70 - (-7 + 7 + 32).
86
(-8 - ((4 - (6 - 2)) + -3)) + -2 + 15
8
Evaluate -19 + (-6 - 3) + 81 + -65.
-12
What is 83 + (46 - -9 - 107)?
31
What is 5 + -48 + -7 + (12 - (6 - -4))?
-48
Evaluate -67 + (28 - 2) + 13 - (2 - (-1 - -10)).
-21
Evaluate (-3 - -76) + 201 + -221 + 23 + -1 + -4.
71
Calculate (-69 - 31 - -62) + 12 + (3 - 5) - -4.
-24
Calculate 44 - (60 + (25 - 10)).
-31
Calculate 55 + -23 + 7 + 9 - (4 - -1).
43
What is -3 - -129 - (8274 + -8033)?
-115
(-85 - -76) + -7 + 13
-3
Calculate -464 + 398 + (7 - (11 + -7)).
-63
7 + 1 + (-4 - 28) + (5 - (-23 - -19))
-15
Evaluate (1 - (0 + -60)) + -1793 + 1761.
29
What is -6 + 0 - (115 + -146) - (17 - 26)?
34
What is the value of (31 - 25 - 8) + 23 - -18?
39
What is the value of -6 + 5 + -50 + (43 - 20)?
-28
Calculate 10441 + -10522 + (3 + 1 - 1) + 7.
-71
What is the value of -15 + 4 + -21 + 28 - -51?
47
What is the value of 5 - (-5 - -6) - (150 + -138) - (0 + 8)?
-16
What is (1 - -88) + -241 + 241 - (19 + -2 + -4)?
76
-2 + -62 - ((48 - -31) + -99)
-44
What is the value of (79 - (-40 + 174) - -62) + 14 + -2 + 0?
19
What is the value of 71 + 1 + (83 - 100)?
55
What is 49 + -90 + 22 + -1 + 4 + -19?
-35
Calculate 3916 + -3869 - (-2 - (-2 - -34)).
81
83 - (-31 + 23 - -31 - 1)
61
(0 - -92) + (44 + -27 + -27 + -15 - -17)
84
-19 + -6 + (-6 - -27) + -11 + 8
-7
What is (-9 - -35) + -26 + (28 - -1)?
29
4 + (0 + 0 - (15 + -53 + 30)) - -113
125
What is the value of 3 - 45 - (-19 - 2 - (-163 - -156))?
-28
Calculate 0 + -1 + -72 + 92 + -88.
-69
What is the value of -124 + (59 - -9) + 55?
-1
(10 - (-4 - -20) - -43) + (-8 - -22)
51
What is the value of 30 + (-10 + -1 + -2 - (348 - 366))?
35
58 - (-11 + -14 + -13)
96
43 + (-51 + 99 - 54)
37
-927 + 922 + (0 - (-37 - 0) - (-9 - -9))
32
Evaluate (-40 - (28 - 51)) + 8 - -134.
125
Calculate -3 + (12 - (-12 + 20)) - 6 - 38.
-43
What is (0 - 24) + (-52 - (-61 + 15))?
-30
11 + -8 + (-34 - 8 - -6)
-33
Calculate (-66 - (82 + -62)) + 21.
-65
What is -55 - (-4 + (-2 - 7 - (43 - 57) - -12))?
-68
What is (54 - 61 - (1 - (-4 + 2))) + -17?
-27
What is 58 - ((287 - 305) + (2 - -48))?
26
What is (2 - -1) + (1 - 2) - 34 - (-14952 - -14954)?
-34
106 - (17 - (2 + -4 + 3 - -3))
93
Evaluate -6 + 21 + (-4 - 15) + (-8 + -9 - -4).
-17
-160 - (1 + -39 - (-73 - -57))
-138
What is (-54 - 79) + 139 + 0 + 1 + 12 + 1?
20
Calculate 7 + ((5 - -6) + -4 - 2) - 3.
9
Evaluate -18 + 13 + (-26 - -30 - -27).
26
Evaluate 3 + -8 - (8 - 28 - (-6 - 10)).
-1
Calculate -8 - (-18 + (35 - (4 - (-4 - 2)))).
-15
(47 - 31) + -13 + 3 + -1
5
Evaluate (-28 - (15 - (11 + 20))) + -31 + 0.
-43
What is the value of 2 + (21 - -6 - 12 - 21) + 15?
11
What is 11 + 0 + (-22 + 28 - (10 - 1 - -3))?
5
Calculate (-11 - (4 - (12 + (11 - 6)))) + (1 - -52).
55
Calculate -98 - 0 - (1599 - 1660).
-37
(169 - 44) + -260 - -113
-22
Evaluate 70 - ((124 - 84) + -5).
35
What is the value of -17543 - -17666 - (107 - 1)?
17
What is the value of -24 + -1 + 156 + -145 + 24 + -1?
9
22 - -2 - ((43 - 8) + -21)
10
(2 - (2 + 5)) + (-10 - -2) - (-32 - -25)
-6
Calculate -29 - (-67 + -2 + 607 + -596).
29
27 + 0 + 13 + 0 + -29
11
What is the value of -3 - ((-13 - -6) + (-10 - -34)) - -47?
27
What is the value of (-36 - (-18 - 66)) + -44 - (4 - -123)?
-123
What is 54 + -35 + 23 - 23?
19
(-35 + -22 - -35) + 146
124
(81 - 162) + 131 - 16
34
What is the value of -5 + -105 + 105 - 62?
-67
12 - (15 + (-35 - -20) + 50)
-38
What is -1 + -1 + -119 + 111 + (6 - 0)?
-4
Evaluate (23 - (6 + 11)) + 15 + -8 - 52.
-39
What is the value of 144 - 0 - (585 + -561) - 25?
95
Calculate 1 - (0 - 0) - (-163 - (-105 + -84)).
-25
Calculate -1 + 34 - (90 - 62 - 13).
18
What is the value of 5 + -1 + (-15 - (10 - 12)) + 285 + -276?
0
What is -91 + 3 + -24 + 80?
-32
What is the value of -9 + -16 + 23 + (-41 - (8 + -8 - 4))?
-39
Evaluate -15 + (-20 + 43 - 19) - 3.
-14
Evaluate -11 - (-15 + -40) - (-86 - -31).
99
Calculate -178 + (208 - 91) - -90.
29
What is (-36 - 36) + (10 - -76)?
14
What is 2 + -19 + (16 - 0 - (145 - 109))?
-37
Evaluate 7 + (11 + (12 - -4) - (7 - 0)).
27
What is (-55 - -31) + 17 + -4 - -25?
14
What is the value of (-14 + 26 + -10 - -7) + 3 - 48?
-36
What is 19 - (48 - (-16 - -13)) - -39?
7
Calculate 8 - (-11 + (-2 - -11) + -13 + 3).
20
Evaluate 9 + -19 + (-12 + -8 - 20).
-50
30 + (-6 - -44) + -44
24
What is the value of (0 - -84) + (27 - (-34 + 43 - (4 - 14)))?
92
Calculate -10 + 2 + (59 - 39) - -13.
25
What is -23 - (66 + 0 + (852 - 881))?
-60
Evaluate -7 + -21 + -17 - (-18 - -6).
-33
Evaluate (1 + -29 - -23) + 34.
29
What is -47 - (-30 - (-18 - (2 + 25)))?
-62
78 + 3 + (-18 - 1 - (17 + (-27 - 1)))
73
Calculate -19 + -17 + 6 - 64.
-94
What is the value of (1 + 1 - (29 - 1)) + (6852 - 6859)?
-33
What is (1 - (-9 + -12)) + (25 - 49) - (2 - -52)?
-56
(35 - (64 + 3)) + 44
12
What is (-21 - 0) + (-56 - (-28 + -66))?
17
What is -2 + 7 + -47 + (9 - 4)?
-37
Evaluate -2361 + 2417 + (2 - 6).
52
What is the value of -5 - (-5 + (0 + -57 - (-116 + 107))) - 6?
42
What is -11 + (-52 - -61 - (-5 - (1 - 11))) + 6?
-1
Evaluate 25 - (-37 - (20 + -14 + -40)).
28
(32 - (4 + 70)) + 36
-6
Evaluate (-15 + 4 + -6 - -3) + -43.
-57
Evaluate 28 - (-265 + 253 - (3 + -79)).
-36
What is the value of -41 - (-104 + (-39 - -95))?
7
What is (4 - 69) + (198 - 119)?
14
71 + -32 + -81 - (-6 + -3 + 4 + 5)
-42
What is the value of 3 - (0 - 0) - (-87 - -5 - (175 + -198))?
62
What is -9 + (-4 - (48 + -34))?
-27
What is the value of (-5 + 6 + -8 + 3 - 0) + 9 + 29?
34
What is the value of 3 + -28 + 30 - (-6 + 3 + -5 + -36)?
49
Evaluate 2919 + -2891 - (-1 + -30).
59
Evaluate 6 - (107 + -69 + 9).
-41
(6 + -13 - (-74 + 69)) + (-6 - 59)
-67
What is -1 + (63 - 58) - 8?
-4
What is the value of -144 - (-3 - (-74 - -157))?
-58
What is the value of 0 + (3 - 4 - -3) + (3297 - 3358)?
-59
What is the value of 3 + (1 + 47 - (1 + (18 - 11) - 9))?
52
Calculate -3 + ((-10 - -9) + 7 + -30 - 10).
-37
Evaluate -233 + 121 + 95 + 86.
69
Calculate (-56 - 3) + 1 - (1520 + -1518).
-60
Calculate -73 + 31 + 44 + (-1 - 11) + 0.
-10
What is 2 + 11 - 27 - (10 - (-25 - 54))?
-103
9425 + -9388 - (-3 + -15)
55
What is ((2 - 1) + 12 - -3) + (-1 + -2 - 4)?
9
What is -106 + 46 - -71 - (49 + (-4 - -2))?
-36
Calculate (-62 - (7 - 7))